c94 (base 14) to base 3
-112221102211110
2041432403 (base 5) to base 8
20153017
Convert -1b11ab (base 15) to base 9.
-2431638
1a1817 (base 15) to base 2
100110110010000100110
Convert -1000110011001110000111 (base 2) to base 14.
-440a23
Convert 20010021000 (base 3) to base 11.
82572
Convert 11011100111111011 (base 2) to base 10.
113147
4330012 (base 6) to base 5
23320343
133960 (base 11) to base 15
423d2
Convert -1821811 (base 9) to base 4.
-3320213212
What is 1010626 (base 10) in base 4?
3312233002
What is -4553114 (base 9) in base 4?
-21113220133
Convert 5254a (base 13) to base 11.
a1302
What is -14b4a (base 14) in base 3?
-2121210122
Convert -1132012410 (base 5) to base 3.
-11220121201211
Convert -13002301110 (base 4) to base 8.
-7026124
-267a68 (base 11) to base 8
-1465305
What is 1021310120 (base 4) in base 16?
49d18
Convert -4968959 (base 11) to base 14.
-120adca
Convert 120230223 (base 4) to base 8.
305453
Convert -201313331 (base 4) to base 9.
-231285
Convert 101020110101212 (base 3) to base 10.
5441549
What is -4109b6 (base 12) in base 3?
-1220200202010
2110324200 (base 5) to base 16
42ed7f
1131551 (base 7) to base 15
2c258
2464614 (base 7) to base 13
b2035
What is -2a231c (base 16) in base 8?
-12421434
Convert 2202589 (base 10) to base 15.
2d7944
What is -11707247 (base 8) in base 7?
-31015041
What is -43077a (base 11) in base 15?
-d9276
64433 (base 12) to base 9
220883
Convert 804678 (base 9) to base 4.
1310023121
Convert 8b931b (base 15) to base 11.
3840a79
What is 2482737 (base 9) in base 15?
1bb11a
What is 428058 (base 9) in base 10?
255203
What is -221101312 (base 4) in base 12?
-81a1a
What is -19c5cd (base 15) in base 5?
-310204233
-12789 (base 14) to base 4
-23011111
What is 27b754 (base 14) in base 11?
85aa52
633db7 (base 14) to base 15
4637c3
55355 (base 11) to base 7
453030
What is 2518 (base 13) in base 11?
3a52
Convert 460617 (base 9) to base 16.
43660
Convert -490ea4 (base 16) to base 8.
-22207244
80a86 (base 11) to base 10
118432
-341233202 (base 5) to base 12
-609008
Convert -8144c (base 14) to base 15.
-621d4
What is -100001001111001111100 (base 2) in base 3?
-2001100000211
2999194 (base 10) to base 8
13341632
What is 543503 (base 8) in base 6?
3522551
Convert 1412210422 (base 5) to base 12.
1271a17
What is -601211 (base 9) in base 7?
-3006361
-45243354 (base 6) to base 5
-322441200
6888531 (base 10) to base 16
691c53
Convert 211000001121 (base 3) to base 4.
1221232231
-2455320 (base 6) to base 16
-20400
Convert -98915 (base 10) to base 6.
-2041535
-10000010101101001 (base 2) to base 8
-202551
30d300 (base 14) to base 16
192c44
Convert 13783 (base 10) to base 12.
7b87
Convert -3599117 (base 10) to base 15.
-4b1612
Convert -101021212121001 (base 3) to base 4.
-110313103033
What is -83208c (base 13) in base 8?
-13531471
What is b44f (base 16) in base 9?
70277
Convert 2433c (base 13) to base 15.
14a63
23331103 (base 5) to base 12
a4194
307665 (base 8) to base 11
6a973
What is 49679d (base 14) in base 13?
6a0999
What is 189b77 (base 14) in base 15?
123609
2302323 (base 7) to base 15
59d99
9a6707 (base 12) to base 7
26615566
Convert 33571170 (base 9) to base 15.
166a400
119745 (base 10) to base 7
1006053
Convert 110010011101111001 (base 2) to base 13.
73120
1100111101010100101 (base 2) to base 9
716412
What is -111000011100110101 (base 2) in base 16?
-38735
Convert 21101412 (base 5) to base 2.
101010110010000000
What is 10d8b2 (base 14) in base 2?
10001100011011110100
What is -697a95 (base 12) in base 15?
-236a95
-150355 (base 9) to base 16
-167f3
105503123 (base 6) to base 4
13130223123
14979 (base 16) to base 13
2c511
-120220220012 (base 3) to base 9
-526805
33103302 (base 5) to base 15
595d7
16917 (base 14) to base 8
156531
What is 3420424 (base 5) in base 10?
60739
What is 87ccf (base 16) in base 4?
2013303033
324529 (base 10) to base 13
b493a
Convert 2340212 (base 5) to base 16.
a8ae
Convert 66d364 (base 14) to base 5.
1343300123
4170261 (base 9) to base 11
1294173
-11100010111000101000011 (base 2) to base 15
-9bcc78
Convert 141558a (base 11) to base 12.
9968b0
-110331301 (base 5) to base 16
-753c9
Convert 45412045 (base 7) to base 10.
3952765
What is 11714545 (base 8) in base 11?
1512879
Convert -10a6980 (base 14) to base 3.
-112220222201010
Convert 110001130003 (base 4) to base 10.
5248771
-709e85 (base 16) to base 5
-3342134423
-13523 (base 13) to base 12
-18a22
Convert 6b5b64 (base 12) to base 8.
6465474
What is -1402951 (base 12) in base 16?
-3cd2cd
20b2b (base 16) to base 2
100000101100101011
What is -416610 (base 7) in base 14?
-1c340
What is -3a0b6 (base 14) in base 5?
-14032343
2800a (base 12) to base 6
1104014
What is -5af2e4 (base 16) in base 5?
-3011213140
What is 1000110101011100111001 (base 2) in base 4?
20311130321
-10010101001011101110101 (base 2) to base 9
-10170606
8aad7 (base 14) to base 3
122010011102
Convert a89ac (base 14) to base 15.
80d6d
263005254 (base 7) to base 15
17255a9
What is -321031222 (base 4) in base 3?
-102220110111
What is ad71d (base 15) in base 7?
4455352
-a82db5 (base 15) to base 3
-120001212201122
Convert -2733c5 (base 13) to base 7.
-11034005
1a1a7a (base 11) to base 12
12b549
Convert 10335 (base 6) to base 4.
112103
11ae268 (base 15) to base 8
60354460
-1309bec (base 15) to base 12
-4709366
Convert -1101001101011111 (base 2) to base 10.
-54111
Convert 451583 (base 10) to base 11.
289310
a83529 (base 12) to base 5
1140111040
24195 (base 14) to base 12
43007
Convert -414919 (base 14) to base 15.
-2d78ba
Convert -2300133124 (base 5) to base 2.
-10011011001000110010011
What is 23053234 (base 6) in base 16?
ac9f6
Convert 122547 (base 10) to base 2.
11101111010110011
Convert 30830582 (base 9) to base 14.
1d849a5
What is -505288 (base 10) in base 6?
-14455144
What is 738658 (base 9) in base 3?
211022201222
427a1 (base 14) to base 7
1236261
What is -20287 (base 15) in base 9?
-164611
-1111221101222 (base 3) to base 12
-32a415
Convert 7203556 (base 9) to base 6.
214153340
311131303310 (base 4) to base 3
222101001222012
What is 35030410 (base 6) in base 10?
1077126
What is -17332138 (base 9) in base 15?
-b6d325
Convert -33cc16 (base 13) to base 6.
-42153021
Convert 12da8 (base 14) to base 13.
18298
1343245 (base 9) to base 11
463982
Convert -10330110111 (base 4) to base 9.
-2384246
10111010001001111000000 (base 2) to base 16
5d13c0
Convert 371433 (base 8) to base 7.
1041340
What is -244123 (base 8) in base 9?
-137260
What is -222002212000 (base 3) in base 13?
-14cb5c
-43912a (base 11) to base 5
-134402014
Convert -a3749 (base 13) to base 8.
-1075105
Convert -31853 (base 9) to base 14.
-799a
Convert 12013200212 (base 4) to base 13.
441bb7
Convert 179f7 (base 16) to base 2.
10111100111110111
What is -1213310320 (base 4) in base 13?
-11b753
10202012200220 (base 3) to base 7
22634661
What is 472131 (base 10) in base 5?
110102011
Convert -332b6 (base 12) to base 13.
-24b3a
53489 (base 16) to base 10
341129
What is bb228e (base 15) in base 5?
4240323314
7330443 (base 8) to base 15
286861
Convert 101000100100111110011 (base 2) to base 8.
5044763
What is 1406426 (base 7) in base 13?
67253
-2340245 (base 6) to base 9
-205222
30130030 (base 4) to base 14
147da
What is -1011110011100010110 (base 2) in base 4?
-1132130112
What is -5302413 (base 6) in base 12?
-104a09
-21021011 (base 5) to base 14
-471d6
What is 23412031 (base 5) in base 11?
138743
Convert -13111120201 (base 4) to base 5.
-443010333
Convert 8dba41 (base 16) to base 11.
5274450
-104126 (base 10) to base 11
-71260
Convert 35130022 (base 7) to base 13.
83c302
What is 86c3 (base 16) in base 6?
423415
What is 95c99 (base 15) in base 4?
1310003100
Convert 2853230 (base 10) to base 16.
2b896e
-14222504 (base 6) to base 4
-1312133020
What is 13130641 (base 8) in base 3?
12111210220121
Convert -4422667 (base 9) to base 4.
-21010111333
Convert -1f6e0 (base 16) to base 12.
-62600
Convert 702066 (base 15) to base 2.
10100010011011011100111
-101111011011110111011 (base 2) to base 10
-1554363
What is -11045452 (base 6) in base 12?
-140888
157405 (base 10) to base 14
41513
What is -5581836 (base 9) in base 5?
-1232200343
What is 2155726 (base 9) in base 15?
17d5ec
Convert -12021132 (base 5) to base 6.
-2212532
Convert 2533513 (base 8) to base